{"id":101,"date":"2019-12-04T00:25:41","date_gmt":"2019-12-04T00:25:41","guid":{"rendered":"https:\/\/cardriverentcar.com\/alquiler-de-vehiculos-guayaquil\/?page_id=101"},"modified":"2019-12-15T16:45:42","modified_gmt":"2019-12-15T16:45:42","slug":"chevrolet-aveo-family","status":"publish","type":"page","link":"https:\/\/cardriverentcar.com\/alquiler-de-vehiculos-guayaquil\/chevrolet-aveo-family\/","title":{"rendered":"Chevrolet Aveo Family"},"content":{"rendered":"\t\t<div data-elementor-type=\"wp-page\" data-elementor-id=\"101\" class=\"elementor elementor-101\" data-elementor-settings=\"[]\">\n\t\t\t<div class=\"elementor-inner\">\n\t\t\t\t<div class=\"elementor-section-wrap\">\n\t\t\t\t\t\t\t<section class=\"elementor-element elementor-element-0350525 elementor-section-boxed elementor-section-height-default elementor-section-height-default elementor-section elementor-top-section\" data-id=\"0350525\" data-element_type=\"section\">\n\t\t\t\t\t\t<div class=\"elementor-container elementor-column-gap-default\">\n\t\t\t\t<div class=\"elementor-row\">\n\t\t\t\t<div class=\"elementor-element elementor-element-b1dc983 elementor-column elementor-col-50 elementor-top-column\" data-id=\"b1dc983\" data-element_type=\"column\">\n\t\t\t<div class=\"elementor-column-wrap  elementor-element-populated\">\n\t\t\t\t\t<div class=\"elementor-widget-wrap\">\n\t\t\t\t<div class=\"elementor-element elementor-element-f6793c4 elementor-widget elementor-widget-text-editor\" data-id=\"f6793c4\" data-element_type=\"widget\" data-widget_type=\"text-editor.default\">\n\t\t\t\t<div class=\"elementor-widget-container\">\n\t\t\t\t\t<div class=\"elementor-text-editor elementor-clearfix\"><p><span style=\"color: #545454; font-family: arial, sans-serif; font-size: 14px;\">Tus viajes familiares ser\u00e1n m\u00e1s econ\u00f3micos y confiables gracias al motor a gasolina de tu\u00a0<\/span><span style=\"font-weight: bold; color: #6a6a6a; font-family: arial, sans-serif; font-size: 14px;\">Aveo Family<\/span><\/p><p>Auto a Gasolina<\/p><p>Cardrive Rent a Car\u00a0incluye:<\/p><div><ul><li>Seguro B\u00e1sico<\/li><li>Kilometraje Libre a partir del 3er d\u00eda<\/li><li>Asiento para beb\u00e9 <strong>costo adicional de $5<\/strong><\/li><li>GPS <strong>costo adicional de $5<\/strong><\/li><li>Recepci\u00f3n en el Aeropuerto\u00a0<strong>gratuito<\/strong><\/li><li>Entrega y recepci\u00f3n las\u00a024 HORAS<\/li><li>Entregamos el veh\u00edculo donde usted lo necesite (dentro de Guayaquil) <strong>costo adicional de $5.<\/strong><\/li><\/ul><\/div><\/div>\n\t\t\t\t<\/div>\n\t\t\t\t<\/div>\n\t\t\t\t\t\t<\/div>\n\t\t\t<\/div>\n\t\t<\/div>\n\t\t\t\t<div class=\"elementor-element elementor-element-984cce8 elementor-column elementor-col-50 elementor-top-column\" data-id=\"984cce8\" data-element_type=\"column\">\n\t\t\t<div class=\"elementor-column-wrap  elementor-element-populated\">\n\t\t\t\t\t<div class=\"elementor-widget-wrap\">\n\t\t\t\t<div class=\"elementor-element elementor-element-bfd8b24 elementor-widget elementor-widget-image\" data-id=\"bfd8b24\" data-element_type=\"widget\" data-widget_type=\"image.default\">\n\t\t\t\t<div class=\"elementor-widget-container\">\n\t\t\t\t\t<div class=\"elementor-image\">\n\t\t\t\t\t\t\t\t\t\t<img loading=\"lazy\" decoding=\"async\" width=\"688\" height=\"430\" src=\"https:\/\/cardriverentcar.com\/alquiler-de-vehiculos-guayaquil\/wp-content\/uploads\/2019\/12\/aveo-family-alquiler-de-autos.jpg\" class=\"attachment-large size-large\" alt=\"\" srcset=\"https:\/\/cardriverentcar.com\/alquiler-de-vehiculos-guayaquil\/wp-content\/uploads\/2019\/12\/aveo-family-alquiler-de-autos.jpg 800w, https:\/\/cardriverentcar.com\/alquiler-de-vehiculos-guayaquil\/wp-content\/uploads\/2019\/12\/aveo-family-alquiler-de-autos-300x188.jpg 300w, https:\/\/cardriverentcar.com\/alquiler-de-vehiculos-guayaquil\/wp-content\/uploads\/2019\/12\/aveo-family-alquiler-de-autos-768x480.jpg 768w\" sizes=\"(max-width: 688px) 100vw, 688px\" \/>\t\t\t\t\t\t\t\t\t\t\t<\/div>\n\t\t\t\t<\/div>\n\t\t\t\t<\/div>\n\t\t\t\t<div class=\"elementor-element elementor-element-c313211 elementor-align-center elementor-widget elementor-widget-button\" data-id=\"c313211\" data-element_type=\"widget\" data-widget_type=\"button.default\">\n\t\t\t\t<div class=\"elementor-widget-container\">\n\t\t\t\t\t<div class=\"elementor-button-wrapper\">\n\t\t\t<a href=\"https:\/\/cardriverentcar.com\/\" class=\"elementor-button-link elementor-button elementor-size-sm\" role=\"button\">\n\t\t\t\t\t\t<span class=\"elementor-button-content-wrapper\">\n\t\t\t\t\t\t<span class=\"elementor-button-text\">$38 Diarios<\/span>\n\t\t<\/span>\n\t\t\t\t\t<\/a>\n\t\t<\/div>\n\t\t\t\t<\/div>\n\t\t\t\t<\/div>\n\t\t\t\t\t\t<\/div>\n\t\t\t<\/div>\n\t\t<\/div>\n\t\t\t\t\t\t<\/div>\n\t\t\t<\/div>\n\t\t<\/section>\n\t\t\t\t<section class=\"elementor-element elementor-element-cf77056 elementor-section-boxed elementor-section-height-default elementor-section-height-default elementor-section elementor-top-section\" data-id=\"cf77056\" data-element_type=\"section\">\n\t\t\t\t\t\t<div class=\"elementor-container elementor-column-gap-default\">\n\t\t\t\t<div class=\"elementor-row\">\n\t\t\t\t<div class=\"elementor-element elementor-element-ca3c339 elementor-column elementor-col-50 elementor-top-column\" data-id=\"ca3c339\" data-element_type=\"column\">\n\t\t\t<div class=\"elementor-column-wrap  elementor-element-populated\">\n\t\t\t\t\t<div class=\"elementor-widget-wrap\">\n\t\t\t\t<div class=\"elementor-element elementor-element-c8e3df6 elementor-widget elementor-widget-heading\" data-id=\"c8e3df6\" data-element_type=\"widget\" data-widget_type=\"heading.default\">\n\t\t\t\t<div class=\"elementor-widget-container\">\n\t\t\t<h2 class=\"elementor-heading-title elementor-size-default\">Equipamiento del Veh\u00edculo<\/h2>\t\t<\/div>\n\t\t\t\t<\/div>\n\t\t\t\t<div class=\"elementor-element elementor-element-903d732 elementor-widget elementor-widget-text-editor\" data-id=\"903d732\" data-element_type=\"widget\" data-widget_type=\"text-editor.default\">\n\t\t\t\t<div class=\"elementor-widget-container\">\n\t\t\t\t\t<div class=\"elementor-text-editor elementor-clearfix\"><h2><span style=\"font-family: Lato, sans-serif; color: #7a7a7a; font-weight: 400; font-size: 1rem;\">Aire acondicionado<\/span><\/h2><p><img decoding=\"async\" style=\"margin: 0px; padding: 0px; outline: 0px; font-variant: inherit; font-stretch: inherit; line-height: inherit; vertical-align: middle; font-family: inherit; font-style: inherit; font-weight: inherit;\" src=\"https:\/\/www.carmaxrentacar.com\/guayaquil\/wp-content\/uploads\/2018\/03\/transmision-manual.png\" width=\"19px\" \/>\u00a0Transmisi\u00f3n Manual<br \/><img decoding=\"async\" style=\"margin: 0px; padding: 0px; outline: 0px; font-variant: inherit; font-stretch: inherit; line-height: inherit; vertical-align: middle; font-family: inherit; font-style: inherit; font-weight: inherit;\" title=\"Puertas Incluidas en veh\u00edculos\" src=\"https:\/\/www.carmaxrentacar.com\/guayaquil\/wp-content\/uploads\/2018\/03\/door-cantidadd-puertas.svg\" alt=\"Icono Puertas de Auto\" width=\"19px\" \/>\u00a05 Puertas<br \/>Veh\u00edculo\u00a0FULL\u00a0Equipo<\/p><\/div>\n\t\t\t\t<\/div>\n\t\t\t\t<\/div>\n\t\t\t\t\t\t<\/div>\n\t\t\t<\/div>\n\t\t<\/div>\n\t\t\t\t<div class=\"elementor-element elementor-element-b617765 elementor-column elementor-col-50 elementor-top-column\" data-id=\"b617765\" data-element_type=\"column\">\n\t\t\t<div class=\"elementor-column-wrap  elementor-element-populated\">\n\t\t\t\t\t<div class=\"elementor-widget-wrap\">\n\t\t\t\t<div class=\"elementor-element elementor-element-8c40d5a elementor-widget elementor-widget-heading\" data-id=\"8c40d5a\" data-element_type=\"widget\" data-widget_type=\"heading.default\">\n\t\t\t\t<div class=\"elementor-widget-container\">\n\t\t\t<h2 class=\"elementor-heading-title elementor-size-default\">Capacidad\n<\/h2>\t\t<\/div>\n\t\t\t\t<\/div>\n\t\t\t\t<div class=\"elementor-element elementor-element-c004ebb elementor-widget elementor-widget-text-editor\" data-id=\"c004ebb\" data-element_type=\"widget\" data-widget_type=\"text-editor.default\">\n\t\t\t\t<div class=\"elementor-widget-container\">\n\t\t\t\t\t<div class=\"elementor-text-editor elementor-clearfix\"><p style=\"margin: 0px 0px 20px; font-family: inherit; font-style: inherit; font-variant: inherit; font-weight: inherit; padding: 0px; border: 0px; outline: 0px; font-stretch: inherit; line-height: inherit; vertical-align: baseline;\">5 Personas\u00a0<\/p><p style=\"margin: 0px 0px 20px; font-family: inherit; font-style: inherit; font-variant: inherit; font-weight: inherit; padding: 0px; border: 0px; outline: 0px; font-stretch: inherit; line-height: inherit; vertical-align: baseline;\"><span style=\"font-family: inherit; font-style: inherit; font-variant-ligatures: inherit; font-variant-caps: inherit; font-weight: inherit; font-size: 1rem;\">\u00a01 maleta grande<\/span><\/p><p style=\"margin: 0px 0px 20px; font-family: inherit; font-style: inherit; font-variant: inherit; font-weight: inherit; padding: 0px; border: 0px; outline: 0px; font-stretch: inherit; line-height: inherit; vertical-align: baseline;\">\u00a02 Equipajes de mano<\/p><\/div>\n\t\t\t\t<\/div>\n\t\t\t\t<\/div>\n\t\t\t\t\t\t<\/div>\n\t\t\t<\/div>\n\t\t<\/div>\n\t\t\t\t\t\t<\/div>\n\t\t\t<\/div>\n\t\t<\/section>\n\t\t\t\t<section class=\"elementor-element elementor-element-4ee7157 elementor-section-boxed elementor-section-height-default elementor-section-height-default elementor-section elementor-top-section\" data-id=\"4ee7157\" data-element_type=\"section\">\n\t\t\t\t\t\t<div class=\"elementor-container elementor-column-gap-default\">\n\t\t\t\t<div class=\"elementor-row\">\n\t\t\t\t<div class=\"elementor-element elementor-element-00ac339 elementor-column elementor-col-100 elementor-top-column\" data-id=\"00ac339\" data-element_type=\"column\">\n\t\t\t<div class=\"elementor-column-wrap\">\n\t\t\t\t\t<div class=\"elementor-widget-wrap\">\n\t\t\t\t\t\t<\/div>\n\t\t\t<\/div>\n\t\t<\/div>\n\t\t\t\t\t\t<\/div>\n\t\t\t<\/div>\n\t\t<\/section>\n\t\t\t\t<section class=\"elementor-element elementor-element-3365a8f elementor-section-boxed elementor-section-height-default elementor-section-height-default elementor-section elementor-top-section\" data-id=\"3365a8f\" data-element_type=\"section\">\n\t\t\t\t\t\t<div class=\"elementor-container elementor-column-gap-default\">\n\t\t\t\t<div class=\"elementor-row\">\n\t\t\t\t<div class=\"elementor-element elementor-element-d353af5 elementor-column elementor-col-100 elementor-top-column\" data-id=\"d353af5\" data-element_type=\"column\">\n\t\t\t<div class=\"elementor-column-wrap  elementor-element-populated\">\n\t\t\t\t\t<div class=\"elementor-widget-wrap\">\n\t\t\t\t<div class=\"elementor-element elementor-element-4852e55 elementor-widget elementor-widget-google_maps\" data-id=\"4852e55\" data-element_type=\"widget\" data-widget_type=\"google_maps.default\">\n\t\t\t\t<div class=\"elementor-widget-container\">\n\t\t\t<div class=\"elementor-custom-embed\"><iframe frameborder=\"0\" scrolling=\"no\" marginheight=\"0\" marginwidth=\"0\" src=\"https:\/\/maps.google.com\/maps?q=cardrive&amp;t=m&amp;z=17&amp;output=embed&amp;iwloc=near\" aria-label=\"cardrive\"><\/iframe><\/div>\t\t<\/div>\n\t\t\t\t<\/div>\n\t\t\t\t\t\t<\/div>\n\t\t\t<\/div>\n\t\t<\/div>\n\t\t\t\t\t\t<\/div>\n\t\t\t<\/div>\n\t\t<\/section>\n\t\t\t\t<section class=\"elementor-element elementor-element-9a5ad73 elementor-section-boxed elementor-section-height-default elementor-section-height-default elementor-section elementor-top-section\" data-id=\"9a5ad73\" data-element_type=\"section\">\n\t\t\t\t\t\t<div class=\"elementor-container elementor-column-gap-default\">\n\t\t\t\t<div class=\"elementor-row\">\n\t\t\t\t<div class=\"elementor-element elementor-element-dc52d6f elementor-column elementor-col-50 elementor-top-column\" data-id=\"dc52d6f\" data-element_type=\"column\">\n\t\t\t<div class=\"elementor-column-wrap  elementor-element-populated\">\n\t\t\t\t\t<div class=\"elementor-widget-wrap\">\n\t\t\t\t<div class=\"elementor-element elementor-element-3a59b68 elementor-widget elementor-widget-button\" data-id=\"3a59b68\" data-element_type=\"widget\" data-widget_type=\"button.default\">\n\t\t\t\t<div class=\"elementor-widget-container\">\n\t\t\t\t\t<div class=\"elementor-button-wrapper\">\n\t\t\t<a href=\"https:\/\/cardriverentcar.com\/\" class=\"elementor-button-link elementor-button elementor-size-sm\" role=\"button\">\n\t\t\t\t\t\t<span class=\"elementor-button-content-wrapper\">\n\t\t\t\t\t\t<span class=\"elementor-button-text\">Reservar<\/span>\n\t\t<\/span>\n\t\t\t\t\t<\/a>\n\t\t<\/div>\n\t\t\t\t<\/div>\n\t\t\t\t<\/div>\n\t\t\t\t\t\t<\/div>\n\t\t\t<\/div>\n\t\t<\/div>\n\t\t\t\t<div class=\"elementor-element elementor-element-daf0369 elementor-column elementor-col-50 elementor-top-column\" data-id=\"daf0369\" data-element_type=\"column\">\n\t\t\t<div class=\"elementor-column-wrap  elementor-element-populated\">\n\t\t\t\t\t<div class=\"elementor-widget-wrap\">\n\t\t\t\t<div class=\"elementor-element elementor-element-e217874 elementor-widget elementor-widget-heading\" data-id=\"e217874\" data-element_type=\"widget\" data-widget_type=\"heading.default\">\n\t\t\t\t<div class=\"elementor-widget-container\">\n\t\t\t<h2 class=\"elementor-heading-title elementor-size-default\">Veh\u00edculo Clase Intermedia<\/h2>\t\t<\/div>\n\t\t\t\t<\/div>\n\t\t\t\t\t\t<\/div>\n\t\t\t<\/div>\n\t\t<\/div>\n\t\t\t\t\t\t<\/div>\n\t\t\t<\/div>\n\t\t<\/section>\n\t\t\t\t\t\t<\/div>\n\t\t\t<\/div>\n\t\t<\/div>\n\t\t","protected":false},"excerpt":{"rendered":"<p>Tus viajes familiares ser\u00e1n m\u00e1s econ\u00f3micos y confiables gracias al motor a gasolina de tu\u00a0Aveo Family Auto a Gasolina Cardrive&hellip;<\/p>\n","protected":false},"author":1,"featured_media":0,"parent":0,"menu_order":0,"comment_status":"closed","ping_status":"closed","template":"","meta":{"footnotes":""},"_links":{"self":[{"href":"https:\/\/cardriverentcar.com\/alquiler-de-vehiculos-guayaquil\/wp-json\/wp\/v2\/pages\/101"}],"collection":[{"href":"https:\/\/cardriverentcar.com\/alquiler-de-vehiculos-guayaquil\/wp-json\/wp\/v2\/pages"}],"about":[{"href":"https:\/\/cardriverentcar.com\/alquiler-de-vehiculos-guayaquil\/wp-json\/wp\/v2\/types\/page"}],"author":[{"embeddable":true,"href":"https:\/\/cardriverentcar.com\/alquiler-de-vehiculos-guayaquil\/wp-json\/wp\/v2\/users\/1"}],"replies":[{"embeddable":true,"href":"https:\/\/cardriverentcar.com\/alquiler-de-vehiculos-guayaquil\/wp-json\/wp\/v2\/comments?post=101"}],"version-history":[{"count":7,"href":"https:\/\/cardriverentcar.com\/alquiler-de-vehiculos-guayaquil\/wp-json\/wp\/v2\/pages\/101\/revisions"}],"predecessor-version":[{"id":236,"href":"https:\/\/cardriverentcar.com\/alquiler-de-vehiculos-guayaquil\/wp-json\/wp\/v2\/pages\/101\/revisions\/236"}],"wp:attachment":[{"href":"https:\/\/cardriverentcar.com\/alquiler-de-vehiculos-guayaquil\/wp-json\/wp\/v2\/media?parent=101"}],"curies":[{"name":"wp","href":"https:\/\/api.w.org\/{rel}","templated":true}]}}