{"id":196,"date":"2019-12-06T16:12:45","date_gmt":"2019-12-06T16:12:45","guid":{"rendered":"https:\/\/cardriverentcar.com\/alquiler-de-vehiculos-guayaquil\/?page_id=196"},"modified":"2019-12-15T16:46:30","modified_gmt":"2019-12-15T16:46:30","slug":"kia-rio-automatico","status":"publish","type":"page","link":"https:\/\/cardriverentcar.com\/alquiler-de-vehiculos-guayaquil\/kia-rio-automatico\/","title":{"rendered":"Kia Rio Autom\u00e1tico"},"content":{"rendered":"\t\t<div data-elementor-type=\"wp-page\" data-elementor-id=\"196\" class=\"elementor elementor-196\" data-elementor-settings=\"[]\">\n\t\t\t<div class=\"elementor-inner\">\n\t\t\t\t<div class=\"elementor-section-wrap\">\n\t\t\t\t\t\t\t<section class=\"elementor-element elementor-element-d1165ab elementor-section-boxed elementor-section-height-default elementor-section-height-default elementor-section elementor-top-section\" data-id=\"d1165ab\" data-element_type=\"section\">\n\t\t\t\t\t\t<div class=\"elementor-container elementor-column-gap-default\">\n\t\t\t\t<div class=\"elementor-row\">\n\t\t\t\t<div class=\"elementor-element elementor-element-52c17be elementor-column elementor-col-50 elementor-top-column\" data-id=\"52c17be\" data-element_type=\"column\">\n\t\t\t<div class=\"elementor-column-wrap  elementor-element-populated\">\n\t\t\t\t\t<div class=\"elementor-widget-wrap\">\n\t\t\t\t<div class=\"elementor-element elementor-element-bf04c27 elementor-widget elementor-widget-text-editor\" data-id=\"bf04c27\" data-element_type=\"widget\" data-widget_type=\"text-editor.default\">\n\t\t\t\t<div class=\"elementor-widget-container\">\n\t\t\t\t\t<div class=\"elementor-text-editor elementor-clearfix\"><div><strong>Kia Rio Autom\u00e1tico<\/strong> tiene una gama de caracter\u00edsticas de vanguardia que le proporcionan una conducci\u00f3n suave y divertida sin importar el camino a recorrer.<\/div><p>Auto a Gasolina<\/p><p>Cardrive Rent a Car\u00a0incluye:<\/p><div><ul><li>Seguro B\u00e1sico<\/li><li>Kilometraje Libre a partir del 3er d\u00eda<\/li><li>Asiento para beb\u00e9 <strong>costo adicional de $5<\/strong><\/li><li>GPS <strong>costo adicional de $5<\/strong><\/li><li>Recepci\u00f3n en el Aeropuerto\u00a0<strong>gratuito<\/strong><\/li><li>Entrega y recepci\u00f3n las\u00a024 HORAS<\/li><li>Entregamos el veh\u00edculo donde usted lo necesite (dentro de Guayaquil) <strong>costo adicional de $5.<\/strong><\/li><\/ul><\/div><\/div>\n\t\t\t\t<\/div>\n\t\t\t\t<\/div>\n\t\t\t\t\t\t<\/div>\n\t\t\t<\/div>\n\t\t<\/div>\n\t\t\t\t<div class=\"elementor-element elementor-element-d829952 elementor-column elementor-col-50 elementor-top-column\" data-id=\"d829952\" data-element_type=\"column\">\n\t\t\t<div class=\"elementor-column-wrap  elementor-element-populated\">\n\t\t\t\t\t<div class=\"elementor-widget-wrap\">\n\t\t\t\t<div class=\"elementor-element elementor-element-36eff3f elementor-widget elementor-widget-image\" data-id=\"36eff3f\" data-element_type=\"widget\" data-widget_type=\"image.default\">\n\t\t\t\t<div class=\"elementor-widget-container\">\n\t\t\t\t\t<div class=\"elementor-image\">\n\t\t\t\t\t\t\t\t\t\t<img loading=\"lazy\" decoding=\"async\" width=\"688\" height=\"405\" src=\"https:\/\/cardriverentcar.com\/alquiler-de-vehiculos-guayaquil\/wp-content\/uploads\/2019\/12\/kia-rio-automatico-alquiler-de-vehiculos-automaticos-e1575434707968.jpg\" class=\"attachment-large size-large\" alt=\"\" srcset=\"https:\/\/cardriverentcar.com\/alquiler-de-vehiculos-guayaquil\/wp-content\/uploads\/2019\/12\/kia-rio-automatico-alquiler-de-vehiculos-automaticos-e1575434707968.jpg 692w, https:\/\/cardriverentcar.com\/alquiler-de-vehiculos-guayaquil\/wp-content\/uploads\/2019\/12\/kia-rio-automatico-alquiler-de-vehiculos-automaticos-e1575434707968-300x176.jpg 300w\" sizes=\"(max-width: 688px) 100vw, 688px\" \/>\t\t\t\t\t\t\t\t\t\t\t<\/div>\n\t\t\t\t<\/div>\n\t\t\t\t<\/div>\n\t\t\t\t<div class=\"elementor-element elementor-element-673a236 elementor-align-center elementor-widget elementor-widget-button\" data-id=\"673a236\" data-element_type=\"widget\" data-widget_type=\"button.default\">\n\t\t\t\t<div class=\"elementor-widget-container\">\n\t\t\t\t\t<div class=\"elementor-button-wrapper\">\n\t\t\t<a href=\"https:\/\/cardriverentcar.com\/\" class=\"elementor-button-link elementor-button elementor-size-sm\" role=\"button\">\n\t\t\t\t\t\t<span class=\"elementor-button-content-wrapper\">\n\t\t\t\t\t\t<span class=\"elementor-button-text\">$55 Diarios<\/span>\n\t\t<\/span>\n\t\t\t\t\t<\/a>\n\t\t<\/div>\n\t\t\t\t<\/div>\n\t\t\t\t<\/div>\n\t\t\t\t\t\t<\/div>\n\t\t\t<\/div>\n\t\t<\/div>\n\t\t\t\t\t\t<\/div>\n\t\t\t<\/div>\n\t\t<\/section>\n\t\t\t\t<section class=\"elementor-element elementor-element-c4c7216 elementor-section-boxed elementor-section-height-default elementor-section-height-default elementor-section elementor-top-section\" data-id=\"c4c7216\" data-element_type=\"section\">\n\t\t\t\t\t\t<div class=\"elementor-container elementor-column-gap-default\">\n\t\t\t\t<div class=\"elementor-row\">\n\t\t\t\t<div class=\"elementor-element elementor-element-7b952ee elementor-column elementor-col-50 elementor-top-column\" data-id=\"7b952ee\" data-element_type=\"column\">\n\t\t\t<div class=\"elementor-column-wrap  elementor-element-populated\">\n\t\t\t\t\t<div class=\"elementor-widget-wrap\">\n\t\t\t\t<div class=\"elementor-element elementor-element-cdbf385 elementor-widget elementor-widget-heading\" data-id=\"cdbf385\" data-element_type=\"widget\" data-widget_type=\"heading.default\">\n\t\t\t\t<div class=\"elementor-widget-container\">\n\t\t\t<h2 class=\"elementor-heading-title elementor-size-default\">Equipamiento del Veh\u00edculo\n<\/h2>\t\t<\/div>\n\t\t\t\t<\/div>\n\t\t\t\t<div class=\"elementor-element elementor-element-adb0ec1 elementor-widget elementor-widget-text-editor\" data-id=\"adb0ec1\" data-element_type=\"widget\" data-widget_type=\"text-editor.default\">\n\t\t\t\t<div class=\"elementor-widget-container\">\n\t\t\t\t\t<div class=\"elementor-text-editor elementor-clearfix\"><p>Aire acondicionado<\/p><div data-id=\"9432a35\" data-element_type=\"text-editor.default\"><div><div><img decoding=\"async\" src=\"https:\/\/www.carmaxrentacar.com\/guayaquil\/wp-content\/uploads\/2018\/03\/transmision-manual.png\" width=\"19px\" \/>\u00a0Transmisi\u00f3n Autom\u00e1tica<\/div><\/div><\/div><div data-id=\"1c24b40e\" data-element_type=\"text-editor.default\"><div><div><img decoding=\"async\" title=\"Puertas Incluidas en veh\u00edculos\" src=\"https:\/\/www.carmaxrentacar.com\/guayaquil\/wp-content\/uploads\/2018\/03\/door-cantidadd-puertas.svg\" alt=\"Icono Puertas de Auto\" width=\"19px\" \/>\u00a05 Puertas<\/div><\/div><\/div><div data-id=\"2b73539\" data-element_type=\"text-editor.default\"><div><div>\u00a0Veh\u00edculo\u00a0FULL\u00a0Equipo<\/div><\/div><\/div><\/div>\n\t\t\t\t<\/div>\n\t\t\t\t<\/div>\n\t\t\t\t\t\t<\/div>\n\t\t\t<\/div>\n\t\t<\/div>\n\t\t\t\t<div class=\"elementor-element elementor-element-0e55134 elementor-column elementor-col-50 elementor-top-column\" data-id=\"0e55134\" data-element_type=\"column\">\n\t\t\t<div class=\"elementor-column-wrap  elementor-element-populated\">\n\t\t\t\t\t<div class=\"elementor-widget-wrap\">\n\t\t\t\t<div class=\"elementor-element elementor-element-252792a elementor-widget elementor-widget-heading\" data-id=\"252792a\" data-element_type=\"widget\" data-widget_type=\"heading.default\">\n\t\t\t\t<div class=\"elementor-widget-container\">\n\t\t\t<h2 class=\"elementor-heading-title elementor-size-default\">Capacidad<\/h2>\t\t<\/div>\n\t\t\t\t<\/div>\n\t\t\t\t<div class=\"elementor-element elementor-element-859714d elementor-widget elementor-widget-text-editor\" data-id=\"859714d\" data-element_type=\"widget\" data-widget_type=\"text-editor.default\">\n\t\t\t\t<div class=\"elementor-widget-container\">\n\t\t\t\t\t<div class=\"elementor-text-editor elementor-clearfix\"><div data-id=\"7786fab3\" data-element_type=\"text-editor.default\"><div><div><p>5 Personas<\/p><\/div><\/div><\/div><div data-id=\"34709865\" data-element_type=\"text-editor.default\"><div><div><p>\u00a01 maleta grande<\/p><\/div><\/div><\/div><div data-id=\"9c4fb9f\" data-element_type=\"text-editor.default\"><div><div><p>\u00a02 Equipajes de mano<\/p><\/div><\/div><\/div><\/div>\n\t\t\t\t<\/div>\n\t\t\t\t<\/div>\n\t\t\t\t\t\t<\/div>\n\t\t\t<\/div>\n\t\t<\/div>\n\t\t\t\t\t\t<\/div>\n\t\t\t<\/div>\n\t\t<\/section>\n\t\t\t\t<section class=\"elementor-element elementor-element-e889283 elementor-section-boxed elementor-section-height-default elementor-section-height-default elementor-section elementor-top-section\" data-id=\"e889283\" data-element_type=\"section\">\n\t\t\t\t\t\t<div class=\"elementor-container elementor-column-gap-default\">\n\t\t\t\t<div class=\"elementor-row\">\n\t\t\t\t<div class=\"elementor-element elementor-element-4bf1369 elementor-column elementor-col-100 elementor-top-column\" data-id=\"4bf1369\" data-element_type=\"column\">\n\t\t\t<div class=\"elementor-column-wrap  elementor-element-populated\">\n\t\t\t\t\t<div class=\"elementor-widget-wrap\">\n\t\t\t\t<div class=\"elementor-element elementor-element-3a480d3 elementor-widget elementor-widget-google_maps\" data-id=\"3a480d3\" data-element_type=\"widget\" data-widget_type=\"google_maps.default\">\n\t\t\t\t<div class=\"elementor-widget-container\">\n\t\t\t<div class=\"elementor-custom-embed\"><iframe frameborder=\"0\" scrolling=\"no\" marginheight=\"0\" marginwidth=\"0\" src=\"https:\/\/maps.google.com\/maps?q=cardrive&amp;t=m&amp;z=17&amp;output=embed&amp;iwloc=near\" aria-label=\"cardrive\"><\/iframe><\/div>\t\t<\/div>\n\t\t\t\t<\/div>\n\t\t\t\t\t\t<\/div>\n\t\t\t<\/div>\n\t\t<\/div>\n\t\t\t\t\t\t<\/div>\n\t\t\t<\/div>\n\t\t<\/section>\n\t\t\t\t\t\t<\/div>\n\t\t\t<\/div>\n\t\t<\/div>\n\t\t","protected":false},"excerpt":{"rendered":"<p>Kia Rio Autom\u00e1tico tiene una gama de caracter\u00edsticas de vanguardia que le proporcionan una conducci\u00f3n suave y divertida sin importar&hellip;<\/p>\n","protected":false},"author":1,"featured_media":0,"parent":0,"menu_order":0,"comment_status":"closed","ping_status":"closed","template":"","meta":{"footnotes":""},"_links":{"self":[{"href":"https:\/\/cardriverentcar.com\/alquiler-de-vehiculos-guayaquil\/wp-json\/wp\/v2\/pages\/196"}],"collection":[{"href":"https:\/\/cardriverentcar.com\/alquiler-de-vehiculos-guayaquil\/wp-json\/wp\/v2\/pages"}],"about":[{"href":"https:\/\/cardriverentcar.com\/alquiler-de-vehiculos-guayaquil\/wp-json\/wp\/v2\/types\/page"}],"author":[{"embeddable":true,"href":"https:\/\/cardriverentcar.com\/alquiler-de-vehiculos-guayaquil\/wp-json\/wp\/v2\/users\/1"}],"replies":[{"embeddable":true,"href":"https:\/\/cardriverentcar.com\/alquiler-de-vehiculos-guayaquil\/wp-json\/wp\/v2\/comments?post=196"}],"version-history":[{"count":3,"href":"https:\/\/cardriverentcar.com\/alquiler-de-vehiculos-guayaquil\/wp-json\/wp\/v2\/pages\/196\/revisions"}],"predecessor-version":[{"id":239,"href":"https:\/\/cardriverentcar.com\/alquiler-de-vehiculos-guayaquil\/wp-json\/wp\/v2\/pages\/196\/revisions\/239"}],"wp:attachment":[{"href":"https:\/\/cardriverentcar.com\/alquiler-de-vehiculos-guayaquil\/wp-json\/wp\/v2\/media?parent=196"}],"curies":[{"name":"wp","href":"https:\/\/api.w.org\/{rel}","templated":true}]}}